42)/j is divided by 12.
9
Let b(k) = -k**2 - 10*k - 2. Let q = 26 + -35. Calculate the remainder when ((-30)/q)/(-4*(-5)/510) is divided by b(-4).
19
Suppose 0 = 84*b - 77*b - 98. What is the remainder when 152 is divided by b?
12
Suppose -3*p - 2*p - 5*t + 45 = 0, -4*t = -2*p. Suppose 2*s - p*s + 4 = 0. Calculate the remainder when (s - -74)/(-14 - -15) is divided by 13.
10
Calculate the remainder when 212 is divided by (-136)/544 + 434/8.
50
Let v be 7/(28/(-8)) + 17. Let z = 17 - v. Let g = z - -10. What is the remainder when 46 is divided by g?
10
Let w be (3 - 3)/(-2) + 10. Let b(p) = p + 14. What is the remainder when 47 is divided by b(w)?
23
Let q(f) = -f**3 + 12*f**2 + 3*f - 23. What is the remainder when (-304)/24*6/(-4) is divided by q(12)?
6
Let r = -11 + 50. Suppose 0 = i + 6*k - 8*k - 221, k + 226 = i. What is the remainder when i is divided by r?
36
Let p(v) = v**3 + 17*v**2 + 14*v + 26. Calculate the remainder when 114 is divided by p(-16).
56
Let z(o) = o**2 + 6*o + 5. Let i be z(-4). Let g = -1 - i. Suppose -d + g*d - 8 = 0. What is the remainder when 23 is divided by d?
7
Calculate the remainder when -2*(-68)/(-12)*-24 is divided by 70.
62
Let f(q) = -4*q - 24. Let j be f(-7). Suppose 51 = j*l - 69. Calculate the remainder when l is divided by 16.
14
Let s be 3/(6/14) + 1. Let i(q) be the first derivative of q**3/3 - 3*q**2 - 12*q - 10. What is the remainder when 14 is divided by i(s)?
2
Let q(u) be the first derivative of -7*u**2/2 - 49*u + 19. Calculate the remainder when 54 is divided by q(-8).
5
Calculate the remainder when 551 is divided by 10/((-280)/12) + 1668/21.
77
Suppose -2*n = y - 34, -y + 4 = 4*n - 66. Let d = -99 - -133. Suppose -u = -0*u - d. What is the remainder when u is divided by n?
16
Suppose -z = -5*g - 0*g - 40, -3*z + 22 = -g. Suppose -3*d - 7 + 1 = 0. Let f = d - g. Calculate the remainder when f is divided by 4.
1
Let g = 19 - 8. Suppose 2*s - 4*z + 0*z = 30, 5*z + 47 = 3*s. Let r = s + 11. What is the remainder when r is divided by g?
8
Let k = -83 - -124. Let w = -137 + 148. Calculate the remainder when k is divided by w.
8
Let g(h) = 356*h + 27. What is the remainder when g(1) is divided by 11?
9
Suppose 7*s - 391 = -16*s. Let d(b) = -b**2 - b. Let r be d(-1). Suppose r*a = 5*a - 2*y - 164, 3*a - 98 = y. Calculate the remainder when a is divided by s.
15
Let b = 1792 + -1752. Calculate the remainder when b is divided by 7.
5
Suppose w + j - 79 = 0, -w + 44 = -j - 29. What is the remainder when w is divided by 12?
4
Suppose -6*r = 6*r - 1836. Calculate the remainder when r is divided by 39.
36
Let j = 71 + -40. Suppose -6*y = -89 - j. Calculate the remainder when 77 is divided by y.
17
Suppose -2*b - 2*y = -4*y + 8, -3*y = 4*b - 12. Suppose b = 2*l - 35 + 13. Calculate the remainder when 30 is divided by l.
8
Let r = 57 + -24. What is the remainder when 196 is divided by r?
31
Suppose 4*p - 51 = -5*g, -p - 2 = 5*g - 11. Let i be (1 + -2)/((-7)/p). Suppose 364 = 2*k + i*k. Calculate the remainder when k is divided by 31.
29
Let h(l) = -l**3 + 33*l**2 - 28*l - 1. What is the remainder when h(32) is divided by 26?
23
Let l(c) = -c + 17. Suppose 4*y = -2*b + 16, 2*y = -3*y + 20. Let u(g) = 3*g + 49. Calculate the remainder when u(b) is divided by l(0).
15
Let p(u) = 4*u - 89. Calculate the remainder when 88 is divided by p(30).
26
Let j(m) = -m**3 - 10*m**2 + 2*m - 13. Let o be j(-11). Suppose -o = -h - 33. Suppose -5*d + h = -4*d. Calculate the remainder when d is divided by 18.
17
Let u(o) be the third derivative of -8*o**2 + 0*o + 7/6*o**3 - 1/8*o**4 + 0. What is the remainder when 99 is divided by u(-6)?
24
Let j be ((-6)/8)/(-2 + (-121)/(-60)). Let y = 2 - j. Calculate the remainder when 184 is divided by y.
43
Let v(d) = -d**3 + 2*d**2 + 4*d + 3. Let b(s) = s**3 - 4*s**2 + 7. Let f be b(3). Let m(l) = -6*l - 10. Calculate the remainder when m(-7) is divided by v(f).
10
Let t(b) = 1 - 1 + 2*b - 5. Let r = 18 - 11. Calculate the remainder when t(r) is divided by 5.
4
Let i be (-936)/(-42) - 4 - (-2)/(-7). Suppose 41*w - 39*w = i. What is the remainder when 80 is divided by w?
8
Let m be (900/(-16))/(-5)*(-16)/(-6). Calculate the remainder when 164 is divided by (-8)/(-6)*945/m.
38
Suppose 460 = 5*a - 3*g - 2*g, -5*a - 3*g + 436 = 0. Let i = a + -76. Calculate the remainder when 77 is divided by i.
12
Let o(x) = x**3 + 4*x**2 + 2*x + 5. Let r be o(-5). Calculate the remainder when 57 is divided by 8/((-2)/r*6).
17
Suppose 4*d - 55 - 61 = 0. Let j = -24 + d. Suppose -r = w - j*r - 27, 3*w = -5*r + 13. Calculate the remainder when 40 is divided by w.
7
Let y be -3*3*(-1)/9. What is the remainder when 13 is divided by y/((-2)/40*-4)?
3
Suppose -2*m - 2*m - 3*h + 31 = 0, -h + 47 = 5*m. Calculate the remainder when 88 is divided by m.
8
Let j(x) = x**2 + 5*x + 20. What is the remainder when 151 is divided by j(-5)?
11
Let c be (-2)/(-1 + -1) - -29. Suppose 3*n = 5*n - c. What is the remainder when 43 is divided by n?
13
Let d(f) = -f**3 + 4*f**2 - 4. Let h be d(3). Suppose 2*k = 4*r - 236, 236 = 3*r + r - h*k. Calculate the remainder when r is divided by 16.
11
Let v = -18 + 0. Let z(p) = -p + 6. What is the remainder when z(3) is divided by 7/2 - v/(-12)?
1
Let i(s) = s**3 - 12*s**2 + 3*s - 12. Suppose 0 = 2*a + y - 1 - 20, a - 3*y = 21. Calculate the remainder when i(a) is divided by 10.
4
What is the remainder when 36 is divided by (-8)/6 - 675/(-81) - -3?
6
Let g(z) = -2*z**2 - 16*z - 5. Let w be g(-7). Let i = 3 + 2. What is the remainder when 15 is divided by (2 - i) + w/1?
3
Suppose -9 = 7*c - 513. What is the remainder when c is divided by 27?
18
Let k be (-4)/(-3)*(6 - 9). Let s = 4 + k. Suppose s = p + 2*p - 291. Calculate the remainder when p is divided by 25.
22
Let a(h) = 20*h - 113. What is the remainder when a(33) is divided by 5?
2
Suppose 0 = 22*k - 27*k + 25, -4*h + 3*k + 6865 = 0. What is the remainder when h is divided by 82?
80
Suppose -10*d + 16*d - 90 = 0. Calculate the remainder when 19 is divided by d.
4
Suppose -32*d + 466 = -1262. Calculate the remainder when 211 is divided by d.
49
What is the remainder when (-3018)/(-14)*462/99 is divided by 6?
4
Calculate the remainder when (1 - (-303)/(-9))/(14/(-21)) is divided by 14.
7
Let l = 151 - 73. Let n = 148 - 242. Let y = n + 114. Calculate the remainder when l is divided by y.
18
Suppose -21*w - 53 + 1607 = 0. What is the remainder when w is divided by 38?
36
Let k = -1411 - -1426. Calculate the remainder when 296 is divided by k.
11
Let v = -71 - -51. Let o = v + 38. Suppose -5*t = -0*t - 165. What is the remainder when t is divided by o?
15
Let b be (-2468)/(-22) - 5 - (-4)/(-22). Let u = b - 104. Calculate the remainder when 18 is divided by u.
0
Suppose -20*w + 21*w - 4*i - 38 = 0, 5*w - 118 = 2*i. Suppose v - 16 = -3. Calculate the remainder when w is divided by v.
9
Suppose 266*l - 271*l + 120 = 0. Let g be 1*3*-1*5. Let b = -1 - g. Calculate the remainder when l is divided by b.
10
Suppose 70 = -2*s + 144. Calculate the remainder when 60 is divided by s.
23
Suppose 48 = n - 4*l - 19, -2*n - 3*l = -178. Let m = n + -25. Suppose 0*p - 4*p = -60. What is the remainder when m is divided by p?
13
Suppose -29*d = -o - 32*d + 150, -d = 1. Suppose 5*l - 130 = -0*l. Calculate the remainder when o is divided by l.
23
Let n = 28 - 24. Suppose 4 = f, 0 = -u - f + 21 - n. Calculate the remainder when u is divided by 7.
6
Let v be 6/2 - (-1)/1. Suppose d = -v*w + 2*d + 24, 0 = -4*w - 3*d + 8. What is the remainder when 8 is divided by w/1 + (1 - 3)?
2
Suppose 17*t - 999 + 200 = 0. Calculate the remainder when t is divided by 6.
5
Let s = -27 + 27. Suppose 6*b - 7*b + 13 = s. Calculate the remainder when 35 is divided by b.
9
Suppose -12 = 29*f - 23*f. Let j(s) = -5*s**3 - 4*s**2 - 2*s - 4. What is the remainder when 21/(2/((-20)/(-3))) is divided by j(f)?
22
Suppose -15*x = -17*x + 22. Calculate the remainder when 15 is divided by x.
4
Let n(j) = 2*j**2 + 4*j - 3. Let z(b) = 2*b**2 + 3*b - 2. Let c(s) = 2*n(s) - 3*z(s). Let a be c(-1). What is the remainder when a - 2*4*-6 is divided by 16?
15
Suppose 0 = 5*o + 4*m - 864, -19*m = o - 18*m - 172. What is the remainder when o is divided by 26?
20
Suppose 5*f + 110 = 35. Let x(j) = j